{"id":395,"date":"2016-12-14T11:11:11","date_gmt":"2016-12-14T11:11:11","guid":{"rendered":"http:\/\/themes.uxbarn.com\/wp\/finnik-dummy\/?page_id=24"},"modified":"2024-10-28T19:03:34","modified_gmt":"2024-10-28T19:03:34","slug":"about-fredrik-muller","status":"publish","type":"page","link":"https:\/\/fotos.kindervoneden.de\/?page_id=395","title":{"rendered":"\u00dcber"},"content":{"rendered":"<p>Als gelernter Mediengestalter hatte ich schon immer ein Auge f\u00fcr Formen und Kompositionen. Das galt aber bis jetzt vor allem f\u00fcr die Gestaltung von Printmedien. Mit der ernsthaften Fotografie habe ich erst relativ sp\u00e4t angefangen. Meine erste Kamera habe ich zwar schon 2007 geschenkt bekommen, aber erst 2022 wurde das Interesse an der Fotografie gr\u00f6\u00dfer und ich habe mir eine neuere Kamera zugelegt und bin tiefer in die Materie eingetaucht.<\/p>\n<p>Dabei hat es mir vor allem die Street- und Dokumentarfotografie angetan. Durch meine eher ruhige Art liegt mir das unauff\u00e4llige Fotografieren besonders.<\/p>\n<p>Mittlerweile w\u00fcrde ich sagen, dass ich auf einem Niveau angekommen bin, das vorzeigbar ist. Aber wie in jedem Handwerk lernt man nie aus und ich werde mich mit der Zeit noch verbessern.<\/p>\n<p>Wenn dir meine Arbeit gef\u00e4llt und du Interesse daran hast, dass ich eine Veranstaltung fotografisch begleite, w\u00fcrde ich mich sehr \u00fcber eine Kontaktaufnahme freuen.<\/p>\n<p><img loading=\"lazy\" decoding=\"async\" class=\"wp-image-484  alignleft\" src=\"http:\/\/fotos.kindervoneden.de\/wp-content\/uploads\/2023\/11\/dominik-300x119.png\" alt=\"\" width=\"148\" height=\"59\" srcset=\"https:\/\/fotos.kindervoneden.de\/wp-content\/uploads\/2023\/11\/dominik-300x119.png 300w, https:\/\/fotos.kindervoneden.de\/wp-content\/uploads\/2023\/11\/dominik-280x111.png 280w, https:\/\/fotos.kindervoneden.de\/wp-content\/uploads\/2023\/11\/dominik.png 400w\" sizes=\"(max-width: 148px) 100vw, 148px\" \/><\/p>\n","protected":false},"excerpt":{"rendered":"<p>Als gelernter Mediengestalter hatte ich schon immer ein Auge f\u00fcr Formen und Kompositionen. Das galt aber bis jetzt vor allem f\u00fcr die Gestaltung von Printmedien. Mit der ernsthaften Fotografie habe ich erst relativ sp\u00e4t angefangen. Meine erste Kamera habe ich zwar schon 2007 geschenkt bekommen, aber erst 2022 wurde das Interesse an der Fotografie gr\u00f6\u00dfer &#8230; <\/p>\n","protected":false},"author":2,"featured_media":915,"parent":0,"menu_order":0,"comment_status":"closed","ping_status":"closed","template":"","meta":{"footnotes":""},"_links":{"self":[{"href":"https:\/\/fotos.kindervoneden.de\/index.php?rest_route=\/wp\/v2\/pages\/395"}],"collection":[{"href":"https:\/\/fotos.kindervoneden.de\/index.php?rest_route=\/wp\/v2\/pages"}],"about":[{"href":"https:\/\/fotos.kindervoneden.de\/index.php?rest_route=\/wp\/v2\/types\/page"}],"author":[{"embeddable":true,"href":"https:\/\/fotos.kindervoneden.de\/index.php?rest_route=\/wp\/v2\/users\/2"}],"replies":[{"embeddable":true,"href":"https:\/\/fotos.kindervoneden.de\/index.php?rest_route=%2Fwp%2Fv2%2Fcomments&post=395"}],"version-history":[{"count":6,"href":"https:\/\/fotos.kindervoneden.de\/index.php?rest_route=\/wp\/v2\/pages\/395\/revisions"}],"predecessor-version":[{"id":738,"href":"https:\/\/fotos.kindervoneden.de\/index.php?rest_route=\/wp\/v2\/pages\/395\/revisions\/738"}],"wp:featuredmedia":[{"embeddable":true,"href":"https:\/\/fotos.kindervoneden.de\/index.php?rest_route=\/wp\/v2\/media\/915"}],"wp:attachment":[{"href":"https:\/\/fotos.kindervoneden.de\/index.php?rest_route=%2Fwp%2Fv2%2Fmedia&parent=395"}],"curies":[{"name":"wp","href":"https:\/\/api.w.org\/{rel}","templated":true}]}}